t l be (1 - (-15)/(-25))*65. Suppose -2*j + 7 = -1. Suppose -l - 28 = -2*v - j*z, -5*z = -15. What is the greatest common divisor of v and 42?
21
Suppose 2*r + r = -12, 0 = 5*d - 4*r + 34. Let z(i) = -i**2 - 13*i - 23. Let k be z(d). What is the greatest common factor of k and 63?
7
Suppose 0 = 3*z + 9. Suppose -4*p + 2*j - 2 = -46, -2*p = -5*j - 14. Let s be p*(13/3 + z). What is the greatest common factor of s and 40?
8
Suppose -5*b + 140 = -b. Let y = -17 + b. Suppose -n + 27 = -0*n. What is the greatest common divisor of y and n?
9
Let w be 1*105 + 1*-1. Let c = 599 + -586. What is the highest common factor of w and c?
13
Suppose 5*j + 15 + 5 = 2*f, -4*f + j = -22. Suppose -8*s + 5*s + 200 = 5*i, -f*i - 5*s = -200. Calculate the highest common divisor of 16 and i.
8
Let y = 21 + 7. Let n = 609 + -605. Calculate the greatest common factor of n and y.
4
Suppose -4*y + 4301 = 7*y. Calculate the highest common factor of 184 and y.
23
Let l(z) = 2*z**2 - 3*z - 1. Let f be l(-2). Let b = -28 + 41. What is the greatest common factor of b and f?
13
Let h = 598 + -360. What is the greatest common factor of h and 42?
14
Suppose -5*h + 25 = l, -26 = -4*l - 5*h + 14. Let a(d) = -d - l - 1 + 1 + 3. Let y be a(-13). What is the greatest common factor of 11 and y?
11
Suppose 0 = -3*v + 8*v - 5*m - 1245, 0 = 2*v + 5*m - 491. What is the highest common divisor of 31 and v?
31
Suppose -1 + 7 = 3*u. Suppose -b + u + 1 = 0. Suppose -2*a = -k + 76, 0 = -b*k - 2*a + 9 + 179. Calculate the greatest common factor of k and 44.
22
Suppose 3*o - 91 = 3*a - 22, 0 = 4*o - 3*a - 90. Calculate the greatest common divisor of o and 525.
21
Let l(p) = p**2 - 6*p + 16. Let u be l(12). Suppose m = -4*m + 2*z + 436, 2*z + 84 = m. Suppose -i - 3*i = -m. Calculate the greatest common factor of i and u.
22
Suppose 0 = 4*q - 3*t - 5880, 97*q - 102*q = t - 7331. Calculate the greatest common divisor of q and 18.
9
Let v be 4 + (3 - -44 - -4). Suppose -2*h = 3*h + 100. Let w = -9 - h. What is the greatest common factor of w and v?
11
Let n = 276 - 255. Suppose 3*i - 7*y + 5 = -5*y, -2*i + y - 2 = 0. Let u be (294/(-12))/(i/(-6)). Calculate the greatest common divisor of u and n.
21
Suppose d - 3*l + 6 = 25, -3 = -2*d - l. Suppose d*g + 20 = p, -1 = -g - 2. Suppose 8*u + u = 576. Calculate the highest common factor of u and p.
16
Suppose 59*w - 1408 = 15*w. Calculate the highest common divisor of 104 and w.
8
Suppose -20 = -11*i + 6*i. Suppose 0 = -3*v + i*b + 69, -2*v + 3*b = -7*v + 115. Calculate the greatest common divisor of 207 and v.
23
Let q be (-18680)/(-260) + 6/39. Calculate the greatest common divisor of q and 180.
36
Suppose -35 = -3*t + 4*r + r, -4*t - 5*r = 0. Suppose -t*n + 800 = 3*n. What is the greatest common divisor of n and 20?
20
Let b be (-1582)/(-12) + 7/42. Let i be b/(-8)*(-3 + 1). Calculate the greatest common factor of 11 and i.
11
Let l(z) = z**3 - 13*z**2 + 14*z - 21. Let o be l(12). Let r be (100/(-6))/((-2)/o). What is the greatest common divisor of r and 75?
25
Let t be 5*5 - 4/(-2). Suppose 10 - 352 = -38*l. Calculate the highest common divisor of l and t.
9
Let y(t) = t - 59. Let b(i) = -59. Let f(a) = -4*b(a) + 5*y(a). Let r be f(17). Calculate the greatest common factor of 65 and r.
13
Let t(g) = 2*g**2 + g + 1. Let v be t(-3). Let k = -36 + 36. Suppose 3*r - 441 + 9 = k. Calculate the greatest common factor of v and r.
16
Suppose 5*k - 3*j - 90 = 0, 3*k + 7*j - 2*j = 54. Suppose -3*q + 3*v + 474 = 0, -5*q + 1005 - 211 = -4*v. What is the highest common divisor of k and q?
18
Suppose 522 = 11*d + 489. What is the highest common divisor of d and 5?
1
Let l(s) = -s + 15. Let r be l(16). Let b = 7 - r. Suppose v - 3 = b. What is the greatest common divisor of 44 and v?
11
Let b(n) = n + 9*n**2 - n**3 - 7*n + 3 - 14*n**2. Let a be b(-4). What is the greatest common divisor of a and 1?
1
Let j(w) = -w**3 + 11*w**2 - 11*w + 54. Let b be j(10). Calculate the highest common factor of b and 22.
22
Let d = 7 - 133. Let v = -110 - d. What is the highest common divisor of v and 80?
16
Let g(r) = -29 - 25*r + 25 - 3*r. Let h be g(-4). Suppose h = 5*x - 27. Calculate the highest common divisor of 108 and x.
27
Suppose -3 = -3*n, 3*v - n = v + 7. Suppose -v*b - b + 990 = 0. Let y = -8 + 30. What is the highest common divisor of b and y?
22
Let o = 11 + -9. Suppose 5*c + 2*k = 54 + 52, -3*c - o*k + 66 = 0. Let d be (-26)/24*-166 + 3/18. What is the highest common divisor of d and c?
20
Let r = -14 - -30. Let o(b) = 8*b - 96. Let f be o(13). What is the highest common factor of f and r?
8
Suppose -q - 73 = -4*j + 2*q, -2*j - 5*q + 43 = 0. Suppose 2*l - 170 = -s + 97, -l = -3*s - 130. Calculate the greatest common factor of l and j.
19
Let x = 138 - 33. Calculate the greatest common divisor of x and 7.
7
Let s = -30 - -33. Suppose 3*q = t + 76, -s*q + 3*t + 2 + 70 = 0. Calculate the greatest common factor of q and 13.
13
Let y = 45 - 32. Suppose -5*d = 2*p - y, -p + 0*d - 4*d = -2. Let j be (-12)/(-15)*10/4. Calculate the greatest common divisor of p and j.
2
Let x = 3 + -5. Let t(i) = 17*i**2 - 2. Let z be t(x). Calculate the greatest common factor of 6 and z.
6
Suppose 5*z - o = 4 + 5, 4*o - 2 = z. Let u = 3692 - 3684. What is the greatest common divisor of z and u?
2
Suppose 3*w + 2*i - 485 = 0, -17*w + 806 = -12*w + i. Calculate the highest common divisor of 92 and w.
23
Let q be 2 + (556 - (1 - -1)). Suppose -5*j - 81 = -q. Calculate the highest common factor of j and 19.
19
Let i be 2/((-1616)/(-200) - 8). Let o(l) = 2*l**2 + l - 1. Let s be o(-2). What is the highest common divisor of s and i?
5
Suppose -f + 196 = f. What is the greatest common factor of 56 and f?
14
Suppose -16*f - 77 = -3*a - 12*f, -4 = 2*f. What is the highest common divisor of 690 and a?
23
Suppose 12 = 2*c + 2*c. Suppose -4*b + c*l + 19 = 0, 0 = -2*b - 2*l - 8. Let r(o) = -11*o - 26. Let w be r(-3). What is the highest common divisor of b and w?
1
Suppose 5*n = 3*c - 1, 5*c + 27*n - 32*n = 5. What is the greatest common divisor of c and 49?
1
Suppose -15*r = -13 - 107. Calculate the highest common factor of 184 and r.
8
Let c(a) = 3*a**2 + 2*a + 9. Let f be c(3). Calculate the highest common factor of f and 56.
14
Let l(v) = 7*v - 115. Let w be l(18). What is the highest common factor of w and 2?
1
Let s = -197 - -285. Let k(x) = -2*x**3 - 2*x**2 - 6*x + 2. Let d be k(-3). Let j be 1/(-3) + d/6 + 2. What is the greatest common divisor of j and s?
11
Suppose -92 = -3*o + 4. Let p(h) = 8*h - 32. Let m = -5 - -15. Let q be p(m). What is the highest common factor of o and q?
16
Suppose -2*j - 3*j + 15 = 0, 0 = 3*g + j - 1026. Suppose 0 = -5*v + 6*v - 3*x - 28, 2*v - x = 61. What is the highest common factor of g and v?
31
Let l(k) = k**3 - 4*k**2 - 6. Let h be l(4). Let i be h/12 + (-38)/(-4). What is the highest common factor of 9 and i?
9
Let u be (35 - 37)/(4/(-22)). Let a be (-4)/(-14) - (-6)/(-21). Let p = a - -1. What is the highest common factor of u and p?
1
Let i = -414 - -415. What is the highest common divisor of 1 and i?
1
Let k be 1 - (-5)/(-4) - 297/(-36). Let o be -8*(-3)/(-10)*-5. What is the highest common factor of k and o?
4
Let h(g) = g**3 + 8*g**2 + 10*g + 7. Let y be h(-6). Let r = 29 - y. Calculate the highest common factor of 1 and r.
1
Let b(v) = -v**2 - 10*v + 3. Let u be b(-10). Suppose 4 = u*i - 11, 0 = 5*r - 2*i + 20. Let x = 8 - r. What is the greatest common factor of x and 90?
10
Let t(n) = 15*n - 85. Let j be t(7). Calculate the highest common factor of j and 5.
5
Let j be ((-5)/(-5))/(74/(-36) + 2). Let h be 55 + j + -4 + 0. Calculate the highest common divisor of 231 and h.
33
Let o = 699 + -474. What is the highest common divisor of o and 180?
45
Let u = 1022 - 968. What is the highest common divisor of 12 and u?
6
Let l(s) = s + 12. Let m be l(-12). Suppose m = 4*t + 4, 3*t + 43 = -2*r + 136. What is the highest common factor of r and 6?
6
Let f(p) = -p**3 - 9*p**2 + p - 31. Let x be f(-9). Let r be -20*(-1 - 9/(-6)). Let w be r/x - 558/(-8). What is the highest common divisor of 14 and w?
14
Suppose -227 = 11*v - 843. Calculate the greatest common factor of 8 and v.
8
Let l(x) = -19*x - 2. Let b be l(-6). Let f = -17 - -45. Calculate the greatest c